{"id":191,"date":"2021-10-15T11:25:15","date_gmt":"2021-10-15T14:25:15","guid":{"rendered":"https:\/\/sites.pucpr.br\/universitas\/?page_id=191"},"modified":"2025-10-07T10:57:15","modified_gmt":"2025-10-07T13:57:15","slug":"presentation","status":"publish","type":"page","link":"https:\/\/sites.pucpr.br\/universitas\/presentation\/","title":{"rendered":"Presentation"},"content":{"rendered":"\t\t<div data-elementor-type=\"wp-page\" data-elementor-id=\"191\" class=\"elementor elementor-191\">\n\t\t\t\t\t\t\t\t\t<section class=\"elementor-section elementor-top-section elementor-element elementor-element-6c6e016 elementor-section-full_width elementor-section-height-default elementor-section-height-default\" data-id=\"6c6e016\" data-element_type=\"section\">\n\t\t\t\t\t\t<div class=\"elementor-container elementor-column-gap-no\">\n\t\t\t\t\t<div class=\"elementor-column elementor-col-100 elementor-top-column elementor-element elementor-element-066e0c1\" data-id=\"066e0c1\" data-element_type=\"column\">\n\t\t\t<div class=\"elementor-widget-wrap elementor-element-populated\">\n\t\t\t\t\t\t\t\t<div class=\"elementor-element elementor-element-544a6a4 elementor-widget elementor-widget-heading\" data-id=\"544a6a4\" data-element_type=\"widget\" data-widget_type=\"heading.default\">\n\t\t\t\t<div class=\"elementor-widget-container\">\n\t\t\t<style>\/*! elementor - v3.15.0 - 02-08-2023 *\/\n.elementor-heading-title{padding:0;margin:0;line-height:1}.elementor-widget-heading .elementor-heading-title[class*=elementor-size-]>a{color:inherit;font-size:inherit;line-height:inherit}.elementor-widget-heading .elementor-heading-title.elementor-size-small{font-size:15px}.elementor-widget-heading .elementor-heading-title.elementor-size-medium{font-size:19px}.elementor-widget-heading .elementor-heading-title.elementor-size-large{font-size:29px}.elementor-widget-heading .elementor-heading-title.elementor-size-xl{font-size:39px}.elementor-widget-heading .elementor-heading-title.elementor-size-xxl{font-size:59px}<\/style><h5 class=\"elementor-heading-title elementor-size-default\">UNIVERSITAS & DIREITO 2025: \u202fLaw, Fellowship and Whole Ecology<\/h5>\t\t<\/div>\n\t\t\t\t<\/div>\n\t\t\t\t<div class=\"elementor-element elementor-element-e9ded70 elementor-widget elementor-widget-text-editor\" data-id=\"e9ded70\" data-element_type=\"widget\" data-widget_type=\"text-editor.default\">\n\t\t\t\t<div class=\"elementor-widget-container\">\n\t\t\t<style>\/*! elementor - v3.15.0 - 02-08-2023 *\/\n.elementor-widget-text-editor.elementor-drop-cap-view-stacked .elementor-drop-cap{background-color:#69727d;color:#fff}.elementor-widget-text-editor.elementor-drop-cap-view-framed .elementor-drop-cap{color:#69727d;border:3px solid;background-color:transparent}.elementor-widget-text-editor:not(.elementor-drop-cap-view-default) .elementor-drop-cap{margin-top:8px}.elementor-widget-text-editor:not(.elementor-drop-cap-view-default) .elementor-drop-cap-letter{width:1em;height:1em}.elementor-widget-text-editor .elementor-drop-cap{float:left;text-align:center;line-height:1;font-size:50px}.elementor-widget-text-editor .elementor-drop-cap-letter{display:inline-block}<\/style>\t\t\t\t<p>The Universitas &amp; Direito Congress reaches its 17th edition discussing\u202fLaw, Fellowship and Whole Ecology. The event is hosted by the PUCPR Law School and furthers the production and dissemination of legal knowledge, as well as the dialogue between academia and market. It is a unique opportunity to take part in high level discussions regarding the legal professions.<\/p><p>This year, the Congress also comprises the CASP Academic Week and the XI Tax Law Symposium.<\/p><p>Open to the public, Universitas &amp; Direito gathers undergraduates, graduate students, legal professionals, and researchers.<\/p>\t\t\t\t\t\t<\/div>\n\t\t\t\t<\/div>\n\t\t\t\t\t<\/div>\n\t\t<\/div>\n\t\t\t\t\t\t\t<\/div>\n\t\t<\/section>\n\t\t\t\t\t\t\t<\/div>\n\t\t","protected":false},"excerpt":{"rendered":"<p>UNIVERSITAS &#038; DIREITO 2025: \u202fLaw, Fellowship and Whole Ecology The Universitas &amp; Direito Congress reaches its 17th edition discussing\u202fLaw, Fellowship and Whole Ecology. The event is hosted by the PUCPR Law School and furthers the production and dissemination of legal knowledge, as well as the dialogue between academia and market. It is a unique opportunity [&hellip;]<\/p>\n","protected":false},"author":2,"featured_media":0,"parent":0,"menu_order":0,"comment_status":"closed","ping_status":"closed","template":"","meta":[],"yoast_head":"<!-- This site is optimized with the Yoast SEO plugin v18.4.1 - https:\/\/yoast.com\/wordpress\/plugins\/seo\/ -->\n<title>Presentation - UNIVERSITAS &amp; DIREITO | PUCPR<\/title>\n<meta name=\"robots\" content=\"index, follow, max-snippet:-1, max-image-preview:large, max-video-preview:-1\" \/>\n<link rel=\"canonical\" href=\"https:\/\/sites.pucpr.br\/universitas\/presentation\/\" \/>\n<meta property=\"og:locale\" content=\"pt_BR\" \/>\n<meta property=\"og:type\" content=\"article\" \/>\n<meta property=\"og:title\" content=\"Presentation - UNIVERSITAS &amp; DIREITO | PUCPR\" \/>\n<meta property=\"og:description\" content=\"UNIVERSITAS &#038; DIREITO 2025: \u202fLaw, Fellowship and Whole Ecology The Universitas &amp; Direito Congress reaches its 17th edition discussing\u202fLaw, Fellowship and Whole Ecology. The event is hosted by the PUCPR Law School and furthers the production and dissemination of legal knowledge, as well as the dialogue between academia and market. It is a unique opportunity [&hellip;]\" \/>\n<meta property=\"og:url\" content=\"https:\/\/sites.pucpr.br\/universitas\/presentation\/\" \/>\n<meta property=\"og:site_name\" content=\"UNIVERSITAS &amp; DIREITO | PUCPR\" \/>\n<meta property=\"article:modified_time\" content=\"2025-10-07T13:57:15+00:00\" \/>\n<meta name=\"twitter:card\" content=\"summary_large_image\" \/>\n<meta name=\"twitter:label1\" content=\"Est. tempo de leitura\" \/>\n\t<meta name=\"twitter:data1\" content=\"1 minuto\" \/>\n<script type=\"application\/ld+json\" class=\"yoast-schema-graph\">{\"@context\":\"https:\/\/schema.org\",\"@graph\":[{\"@type\":\"WebSite\",\"@id\":\"https:\/\/sites.pucpr.br\/universitas\/#website\",\"url\":\"https:\/\/sites.pucpr.br\/universitas\/\",\"name\":\"UNIVERSITAS &amp; DIREITO | PUCPR\",\"description\":\"O UNIVERSITAS &amp; DIREITO \u00e9 o evento de divulga\u00e7\u00e3o do conhecimento e integra\u00e7\u00e3o acad\u00eamica entre gradua\u00e7\u00e3o e p\u00f3s-gradua\u00e7\u00e3o e desenvolvimento de pesquisa e extens\u00e3o promovido pela Escola de Direito \u2013 Campus Curitiba \u2013 da PUCPR.\",\"potentialAction\":[{\"@type\":\"SearchAction\",\"target\":{\"@type\":\"EntryPoint\",\"urlTemplate\":\"https:\/\/sites.pucpr.br\/universitas\/?s={search_term_string}\"},\"query-input\":\"required name=search_term_string\"}],\"inLanguage\":\"pt-BR\"},{\"@type\":\"WebPage\",\"@id\":\"https:\/\/sites.pucpr.br\/universitas\/presentation\/#webpage\",\"url\":\"https:\/\/sites.pucpr.br\/universitas\/presentation\/\",\"name\":\"Presentation - UNIVERSITAS &amp; DIREITO | PUCPR\",\"isPartOf\":{\"@id\":\"https:\/\/sites.pucpr.br\/universitas\/#website\"},\"datePublished\":\"2021-10-15T14:25:15+00:00\",\"dateModified\":\"2025-10-07T13:57:15+00:00\",\"breadcrumb\":{\"@id\":\"https:\/\/sites.pucpr.br\/universitas\/presentation\/#breadcrumb\"},\"inLanguage\":\"pt-BR\",\"potentialAction\":[{\"@type\":\"ReadAction\",\"target\":[\"https:\/\/sites.pucpr.br\/universitas\/presentation\/\"]}]},{\"@type\":\"BreadcrumbList\",\"@id\":\"https:\/\/sites.pucpr.br\/universitas\/presentation\/#breadcrumb\",\"itemListElement\":[{\"@type\":\"ListItem\",\"position\":1,\"name\":\"In\u00edcio\",\"item\":\"https:\/\/sites.pucpr.br\/universitas\/\"},{\"@type\":\"ListItem\",\"position\":2,\"name\":\"Presentation\"}]}]}<\/script>\n<!-- \/ Yoast SEO plugin. -->","yoast_head_json":{"title":"Presentation - UNIVERSITAS &amp; DIREITO | PUCPR","robots":{"index":"index","follow":"follow","max-snippet":"max-snippet:-1","max-image-preview":"max-image-preview:large","max-video-preview":"max-video-preview:-1"},"canonical":"https:\/\/sites.pucpr.br\/universitas\/presentation\/","og_locale":"pt_BR","og_type":"article","og_title":"Presentation - UNIVERSITAS &amp; DIREITO | PUCPR","og_description":"UNIVERSITAS &#038; DIREITO 2025: \u202fLaw, Fellowship and Whole Ecology The Universitas &amp; Direito Congress reaches its 17th edition discussing\u202fLaw, Fellowship and Whole Ecology. The event is hosted by the PUCPR Law School and furthers the production and dissemination of legal knowledge, as well as the dialogue between academia and market. It is a unique opportunity [&hellip;]","og_url":"https:\/\/sites.pucpr.br\/universitas\/presentation\/","og_site_name":"UNIVERSITAS &amp; DIREITO | PUCPR","article_modified_time":"2025-10-07T13:57:15+00:00","twitter_card":"summary_large_image","twitter_misc":{"Est. tempo de leitura":"1 minuto"},"schema":{"@context":"https:\/\/schema.org","@graph":[{"@type":"WebSite","@id":"https:\/\/sites.pucpr.br\/universitas\/#website","url":"https:\/\/sites.pucpr.br\/universitas\/","name":"UNIVERSITAS &amp; DIREITO | PUCPR","description":"O UNIVERSITAS &amp; DIREITO \u00e9 o evento de divulga\u00e7\u00e3o do conhecimento e integra\u00e7\u00e3o acad\u00eamica entre gradua\u00e7\u00e3o e p\u00f3s-gradua\u00e7\u00e3o e desenvolvimento de pesquisa e extens\u00e3o promovido pela Escola de Direito \u2013 Campus Curitiba \u2013 da PUCPR.","potentialAction":[{"@type":"SearchAction","target":{"@type":"EntryPoint","urlTemplate":"https:\/\/sites.pucpr.br\/universitas\/?s={search_term_string}"},"query-input":"required name=search_term_string"}],"inLanguage":"pt-BR"},{"@type":"WebPage","@id":"https:\/\/sites.pucpr.br\/universitas\/presentation\/#webpage","url":"https:\/\/sites.pucpr.br\/universitas\/presentation\/","name":"Presentation - UNIVERSITAS &amp; DIREITO | PUCPR","isPartOf":{"@id":"https:\/\/sites.pucpr.br\/universitas\/#website"},"datePublished":"2021-10-15T14:25:15+00:00","dateModified":"2025-10-07T13:57:15+00:00","breadcrumb":{"@id":"https:\/\/sites.pucpr.br\/universitas\/presentation\/#breadcrumb"},"inLanguage":"pt-BR","potentialAction":[{"@type":"ReadAction","target":["https:\/\/sites.pucpr.br\/universitas\/presentation\/"]}]},{"@type":"BreadcrumbList","@id":"https:\/\/sites.pucpr.br\/universitas\/presentation\/#breadcrumb","itemListElement":[{"@type":"ListItem","position":1,"name":"In\u00edcio","item":"https:\/\/sites.pucpr.br\/universitas\/"},{"@type":"ListItem","position":2,"name":"Presentation"}]}]}},"_links":{"self":[{"href":"https:\/\/sites.pucpr.br\/universitas\/wp-json\/wp\/v2\/pages\/191"}],"collection":[{"href":"https:\/\/sites.pucpr.br\/universitas\/wp-json\/wp\/v2\/pages"}],"about":[{"href":"https:\/\/sites.pucpr.br\/universitas\/wp-json\/wp\/v2\/types\/page"}],"author":[{"embeddable":true,"href":"https:\/\/sites.pucpr.br\/universitas\/wp-json\/wp\/v2\/users\/2"}],"replies":[{"embeddable":true,"href":"https:\/\/sites.pucpr.br\/universitas\/wp-json\/wp\/v2\/comments?post=191"}],"version-history":[{"count":43,"href":"https:\/\/sites.pucpr.br\/universitas\/wp-json\/wp\/v2\/pages\/191\/revisions"}],"predecessor-version":[{"id":639,"href":"https:\/\/sites.pucpr.br\/universitas\/wp-json\/wp\/v2\/pages\/191\/revisions\/639"}],"wp:attachment":[{"href":"https:\/\/sites.pucpr.br\/universitas\/wp-json\/wp\/v2\/media?parent=191"}],"curies":[{"name":"wp","href":"https:\/\/api.w.org\/{rel}","templated":true}]}}

<!-- This site is optimized with the Yoast SEO plugin v18.4.1 - https://yoast.com/wordpress/plugins/seo/ -->
<title>Presentation - UNIVERSITAS &amp; DIREITO | PUCPR</title>
<meta name="robots" content="index, follow, max-snippet:-1, max-image-preview:large, max-video-preview:-1" />
<link rel="canonical" href="https://sites.pucpr.br/universitas/presentation/" />
<meta property="og:locale" content="pt_BR" />
<meta property="og:type" content="article" />
<meta property="og:title" content="Presentation - UNIVERSITAS &amp; DIREITO | PUCPR" />
<meta property="og:description" content="UNIVERSITAS &#038; DIREITO 2025:  Law, Fellowship and Whole Ecology The Universitas &amp; Direito Congress reaches its 17th edition discussing Law, Fellowship and Whole Ecology. The event is hosted by the PUCPR Law School and furthers the production and dissemination of legal knowledge, as well as the dialogue between academia and market. It is a unique opportunity [&hellip;]" />
<meta property="og:url" content="https://sites.pucpr.br/universitas/presentation/" />
<meta property="og:site_name" content="UNIVERSITAS &amp; DIREITO | PUCPR" />
<meta property="article:modified_time" content="2025-10-07T13:57:15+00:00" />
<meta name="twitter:card" content="summary_large_image" />
<meta name="twitter:label1" content="Est. tempo de leitura" />
	<meta name="twitter:data1" content="1 minuto" />
<script type="application/ld+json" class="yoast-schema-graph">{"@context":"https://schema.org","@graph":[{"@type":"WebSite","@id":"https://sites.pucpr.br/universitas/#website","url":"https://sites.pucpr.br/universitas/","name":"UNIVERSITAS &amp; DIREITO | PUCPR","description":"O UNIVERSITAS &amp; DIREITO é o evento de divulgação do conhecimento e integração acadêmica entre graduação e pós-graduação e desenvolvimento de pesquisa e extensão promovido pela Escola de Direito – Campus Curitiba – da PUCPR.","potentialAction":[{"@type":"SearchAction","target":{"@type":"EntryPoint","urlTemplate":"https://sites.pucpr.br/universitas/?s={search_term_string}"},"query-input":"required name=search_term_string"}],"inLanguage":"pt-BR"},{"@type":"WebPage","@id":"https://sites.pucpr.br/universitas/presentation/#webpage","url":"https://sites.pucpr.br/universitas/presentation/","name":"Presentation - UNIVERSITAS &amp; DIREITO | PUCPR","isPartOf":{"@id":"https://sites.pucpr.br/universitas/#website"},"datePublished":"2021-10-15T14:25:15+00:00","dateModified":"2025-10-07T13:57:15+00:00","breadcrumb":{"@id":"https://sites.pucpr.br/universitas/presentation/#breadcrumb"},"inLanguage":"pt-BR","potentialAction":[{"@type":"ReadAction","target":["https://sites.pucpr.br/universitas/presentation/"]}]},{"@type":"BreadcrumbList","@id":"https://sites.pucpr.br/universitas/presentation/#breadcrumb","itemListElement":[{"@type":"ListItem","position":1,"name":"Início","item":"https://sites.pucpr.br/universitas/"},{"@type":"ListItem","position":2,"name":"Presentation"}]}]}</script>
<!-- / Yoast SEO plugin. -->

O UNIVERSITAS &amp; DIREITO é o evento de divulgação do conhecimento e integração acadêmica entre graduação e pós-graduação e desenvolvimento de pesquisa e extensão promovido pela Escola de Direito – Campus Curitiba – da PUCPR.

Início
