{"id":170,"date":"2021-05-20T10:04:53","date_gmt":"2021-05-20T13:04:53","guid":{"rendered":"https:\/\/sites.pucpr.br\/reveleseutalento\/?page_id=170"},"modified":"2022-05-10T11:32:53","modified_gmt":"2022-05-10T14:32:53","slug":"conheca-o-maestro-por-tras-da-direcao-artistica-do-xix-revele-seu-talento","status":"publish","type":"page","link":"https:\/\/sites.pucpr.br\/reveleseutalento\/conheca-o-maestro-por-tras-da-direcao-artistica-do-xix-revele-seu-talento\/","title":{"rendered":"Conhe\u00e7a o maestro por tr\u00e1s da dire\u00e7\u00e3o art\u00edstica do XIX Revele Seu Talento"},"content":{"rendered":"<p style=\"text-align: center;\"><strong>Aramis Mendes tamb\u00e9m \u00e9 um dos arranjadores e faz parte do j\u00fari final.<\/strong><\/p>\n<p style=\"text-align: center;\"><img decoding=\"async\" loading=\"lazy\" class=\"aligncenter\" src=\"http:\/\/sites.pucpr.br\/reveleseutalento2021\/wp-content\/uploads\/sites\/17\/2021\/05\/orquestra.jpg\" alt=\"\" width=\"800\" height=\"600\"><\/p>\n<p style=\"text-align: left;\">Ele \u00e9 o maestro da PUCPR desde 2018. J\u00e1 participou de diversas edi\u00e7\u00f5es do Revele Seu Talento e tem um apre\u00e7o especial pelo evento que se estabeleceu como a principal a\u00e7\u00e3o cultural da Universidade durante o ano. Na edi\u00e7\u00e3o 2021, ele tem atuado como diretor art\u00edstico, membro da organiza\u00e7\u00e3o, jurado t\u00e9cnico, maestro e produtor cultural da Orquestra Experimental da PUCPR, al\u00e9m de arranjador&nbsp;de parte do repert\u00f3rio escolhido pelos finalistas. Conhe\u00e7a mais sobre Aramis Mendes logo abaixo.<\/p>\n<p style=\"text-align: left;\">Licenciado em m\u00fasica pela Escola de M\u00fasica e Belas Artes do Paran\u00e1, Aramis Mendes come\u00e7ou a estudar um instrumento depois que veio morar em Curitiba, durante sua adolesc\u00eancia, gra\u00e7as \u00e0 influ\u00eancia do grupo instrumental de sua igreja. A sua parceria com a PUCPR iniciou em 2004, a convite do ent\u00e3o maestro Paulo Torres. Na \u00e9poca, participava da Orquestra profissional da Universidade como instrumentista e arranjador, tendo feito diversos arranjos para eventos do setor Cultural ao longo dos anos. Em 2018, foi convidado para ocupar o cargo de maestro titular da Orquestra Experimental, que participar\u00e1 no Revele Seu Talento deste ano acompanhando os finalistas do evento!<\/p>\n<p class=\"ql-align-justify\" style=\"text-align: left;\">Sobre o processo de estudar um instrumento, ele conta que \u00e9 natural experimentar mais de um at\u00e9 chegar na melhor escolha para o estudante e que o segredo para a compet\u00eancia \u00e9 estudar! E diz que, para ele, \u201cestar cercado de m\u00fasica com certeza est\u00e1 ligado \u00e0 qualidade de vida e que \u00e9 preciso tirar um tempo da rotina para parar e ouvir m\u00fasica, afinal \u00e9 um fen\u00f4meno humano que merece ser apreciado\u201d!<\/p>\n","protected":false},"excerpt":{"rendered":"<p>Aramis Mendes tamb\u00e9m \u00e9 um dos arranjadores e faz parte do j\u00fari final. Ele \u00e9 o maestro da PUCPR desde 2018. J\u00e1 participou de diversas edi\u00e7\u00f5es do Revele Seu Talento e tem um apre\u00e7o especial pelo evento que se estabeleceu como a principal a\u00e7\u00e3o cultural da Universidade durante o ano. Na edi\u00e7\u00e3o 2021, ele tem [&hellip;]<\/p>\n","protected":false},"author":2,"featured_media":171,"parent":0,"menu_order":0,"comment_status":"closed","ping_status":"closed","template":"","meta":[],"yoast_head":"<!-- This site is optimized with the Yoast SEO plugin v18.4.1 - https:\/\/yoast.com\/wordpress\/plugins\/seo\/ -->\n<title>Conhe\u00e7a o maestro por tr\u00e1s da dire\u00e7\u00e3o art\u00edstica do XIX Revele Seu Talento - Revele seu Talento 2022 | PUCPR<\/title>\n<meta name=\"robots\" content=\"index, follow, max-snippet:-1, max-image-preview:large, max-video-preview:-1\" \/>\n<link rel=\"canonical\" href=\"https:\/\/sites.pucpr.br\/reveleseutalento\/conheca-o-maestro-por-tras-da-direcao-artistica-do-xix-revele-seu-talento\/\" \/>\n<meta property=\"og:locale\" content=\"pt_BR\" \/>\n<meta property=\"og:type\" content=\"article\" \/>\n<meta property=\"og:title\" content=\"Conhe\u00e7a o maestro por tr\u00e1s da dire\u00e7\u00e3o art\u00edstica do XIX Revele Seu Talento - Revele seu Talento 2022 | PUCPR\" \/>\n<meta property=\"og:description\" content=\"Aramis Mendes tamb\u00e9m \u00e9 um dos arranjadores e faz parte do j\u00fari final. Ele \u00e9 o maestro da PUCPR desde 2018. J\u00e1 participou de diversas edi\u00e7\u00f5es do Revele Seu Talento e tem um apre\u00e7o especial pelo evento que se estabeleceu como a principal a\u00e7\u00e3o cultural da Universidade durante o ano. Na edi\u00e7\u00e3o 2021, ele tem [&hellip;]\" \/>\n<meta property=\"og:url\" content=\"https:\/\/sites.pucpr.br\/reveleseutalento\/conheca-o-maestro-por-tras-da-direcao-artistica-do-xix-revele-seu-talento\/\" \/>\n<meta property=\"og:site_name\" content=\"Revele seu Talento 2022 | PUCPR\" \/>\n<meta property=\"article:modified_time\" content=\"2022-05-10T14:32:53+00:00\" \/>\n<meta property=\"og:image\" content=\"https:\/\/sites.pucpr.br\/reveleseutalento\/wp-content\/uploads\/sites\/37\/2021\/05\/orquestra.jpg\" \/>\n\t<meta property=\"og:image:width\" content=\"800\" \/>\n\t<meta property=\"og:image:height\" content=\"600\" \/>\n\t<meta property=\"og:image:type\" content=\"image\/jpeg\" \/>\n<meta name=\"twitter:card\" content=\"summary_large_image\" \/>\n<meta name=\"twitter:label1\" content=\"Est. tempo de leitura\" \/>\n\t<meta name=\"twitter:data1\" content=\"1 minuto\" \/>\n<script type=\"application\/ld+json\" class=\"yoast-schema-graph\">{\"@context\":\"https:\/\/schema.org\",\"@graph\":[{\"@type\":\"WebSite\",\"@id\":\"https:\/\/sites.pucpr.br\/reveleseutalento\/#website\",\"url\":\"https:\/\/sites.pucpr.br\/reveleseutalento\/\",\"name\":\"Revele seu Talento 2022 | PUCPR\",\"description\":\"\",\"potentialAction\":[{\"@type\":\"SearchAction\",\"target\":{\"@type\":\"EntryPoint\",\"urlTemplate\":\"https:\/\/sites.pucpr.br\/reveleseutalento\/?s={search_term_string}\"},\"query-input\":\"required name=search_term_string\"}],\"inLanguage\":\"pt-BR\"},{\"@type\":\"ImageObject\",\"@id\":\"https:\/\/sites.pucpr.br\/reveleseutalento\/conheca-o-maestro-por-tras-da-direcao-artistica-do-xix-revele-seu-talento\/#primaryimage\",\"inLanguage\":\"pt-BR\",\"url\":\"https:\/\/sites.pucpr.br\/reveleseutalento\/wp-content\/uploads\/sites\/37\/2021\/05\/orquestra.jpg\",\"contentUrl\":\"https:\/\/sites.pucpr.br\/reveleseutalento\/wp-content\/uploads\/sites\/37\/2021\/05\/orquestra.jpg\",\"width\":800,\"height\":600},{\"@type\":\"WebPage\",\"@id\":\"https:\/\/sites.pucpr.br\/reveleseutalento\/conheca-o-maestro-por-tras-da-direcao-artistica-do-xix-revele-seu-talento\/#webpage\",\"url\":\"https:\/\/sites.pucpr.br\/reveleseutalento\/conheca-o-maestro-por-tras-da-direcao-artistica-do-xix-revele-seu-talento\/\",\"name\":\"Conhe\u00e7a o maestro por tr\u00e1s da dire\u00e7\u00e3o art\u00edstica do XIX Revele Seu Talento - Revele seu Talento 2022 | PUCPR\",\"isPartOf\":{\"@id\":\"https:\/\/sites.pucpr.br\/reveleseutalento\/#website\"},\"primaryImageOfPage\":{\"@id\":\"https:\/\/sites.pucpr.br\/reveleseutalento\/conheca-o-maestro-por-tras-da-direcao-artistica-do-xix-revele-seu-talento\/#primaryimage\"},\"datePublished\":\"2021-05-20T13:04:53+00:00\",\"dateModified\":\"2022-05-10T14:32:53+00:00\",\"breadcrumb\":{\"@id\":\"https:\/\/sites.pucpr.br\/reveleseutalento\/conheca-o-maestro-por-tras-da-direcao-artistica-do-xix-revele-seu-talento\/#breadcrumb\"},\"inLanguage\":\"pt-BR\",\"potentialAction\":[{\"@type\":\"ReadAction\",\"target\":[\"https:\/\/sites.pucpr.br\/reveleseutalento\/conheca-o-maestro-por-tras-da-direcao-artistica-do-xix-revele-seu-talento\/\"]}]},{\"@type\":\"BreadcrumbList\",\"@id\":\"https:\/\/sites.pucpr.br\/reveleseutalento\/conheca-o-maestro-por-tras-da-direcao-artistica-do-xix-revele-seu-talento\/#breadcrumb\",\"itemListElement\":[{\"@type\":\"ListItem\",\"position\":1,\"name\":\"In\u00edcio\",\"item\":\"https:\/\/sites.pucpr.br\/reveleseutalento\/\"},{\"@type\":\"ListItem\",\"position\":2,\"name\":\"Conhe\u00e7a o maestro por tr\u00e1s da dire\u00e7\u00e3o art\u00edstica do XIX Revele Seu Talento\"}]}]}<\/script>\n<!-- \/ Yoast SEO plugin. -->","yoast_head_json":{"title":"Conhe\u00e7a o maestro por tr\u00e1s da dire\u00e7\u00e3o art\u00edstica do XIX Revele Seu Talento - Revele seu Talento 2022 | PUCPR","robots":{"index":"index","follow":"follow","max-snippet":"max-snippet:-1","max-image-preview":"max-image-preview:large","max-video-preview":"max-video-preview:-1"},"canonical":"https:\/\/sites.pucpr.br\/reveleseutalento\/conheca-o-maestro-por-tras-da-direcao-artistica-do-xix-revele-seu-talento\/","og_locale":"pt_BR","og_type":"article","og_title":"Conhe\u00e7a o maestro por tr\u00e1s da dire\u00e7\u00e3o art\u00edstica do XIX Revele Seu Talento - Revele seu Talento 2022 | PUCPR","og_description":"Aramis Mendes tamb\u00e9m \u00e9 um dos arranjadores e faz parte do j\u00fari final. Ele \u00e9 o maestro da PUCPR desde 2018. J\u00e1 participou de diversas edi\u00e7\u00f5es do Revele Seu Talento e tem um apre\u00e7o especial pelo evento que se estabeleceu como a principal a\u00e7\u00e3o cultural da Universidade durante o ano. Na edi\u00e7\u00e3o 2021, ele tem [&hellip;]","og_url":"https:\/\/sites.pucpr.br\/reveleseutalento\/conheca-o-maestro-por-tras-da-direcao-artistica-do-xix-revele-seu-talento\/","og_site_name":"Revele seu Talento 2022 | PUCPR","article_modified_time":"2022-05-10T14:32:53+00:00","og_image":[{"width":800,"height":600,"url":"https:\/\/sites.pucpr.br\/reveleseutalento\/wp-content\/uploads\/sites\/37\/2021\/05\/orquestra.jpg","type":"image\/jpeg"}],"twitter_card":"summary_large_image","twitter_misc":{"Est. tempo de leitura":"1 minuto"},"schema":{"@context":"https:\/\/schema.org","@graph":[{"@type":"WebSite","@id":"https:\/\/sites.pucpr.br\/reveleseutalento\/#website","url":"https:\/\/sites.pucpr.br\/reveleseutalento\/","name":"Revele seu Talento 2022 | PUCPR","description":"","potentialAction":[{"@type":"SearchAction","target":{"@type":"EntryPoint","urlTemplate":"https:\/\/sites.pucpr.br\/reveleseutalento\/?s={search_term_string}"},"query-input":"required name=search_term_string"}],"inLanguage":"pt-BR"},{"@type":"ImageObject","@id":"https:\/\/sites.pucpr.br\/reveleseutalento\/conheca-o-maestro-por-tras-da-direcao-artistica-do-xix-revele-seu-talento\/#primaryimage","inLanguage":"pt-BR","url":"https:\/\/sites.pucpr.br\/reveleseutalento\/wp-content\/uploads\/sites\/37\/2021\/05\/orquestra.jpg","contentUrl":"https:\/\/sites.pucpr.br\/reveleseutalento\/wp-content\/uploads\/sites\/37\/2021\/05\/orquestra.jpg","width":800,"height":600},{"@type":"WebPage","@id":"https:\/\/sites.pucpr.br\/reveleseutalento\/conheca-o-maestro-por-tras-da-direcao-artistica-do-xix-revele-seu-talento\/#webpage","url":"https:\/\/sites.pucpr.br\/reveleseutalento\/conheca-o-maestro-por-tras-da-direcao-artistica-do-xix-revele-seu-talento\/","name":"Conhe\u00e7a o maestro por tr\u00e1s da dire\u00e7\u00e3o art\u00edstica do XIX Revele Seu Talento - Revele seu Talento 2022 | PUCPR","isPartOf":{"@id":"https:\/\/sites.pucpr.br\/reveleseutalento\/#website"},"primaryImageOfPage":{"@id":"https:\/\/sites.pucpr.br\/reveleseutalento\/conheca-o-maestro-por-tras-da-direcao-artistica-do-xix-revele-seu-talento\/#primaryimage"},"datePublished":"2021-05-20T13:04:53+00:00","dateModified":"2022-05-10T14:32:53+00:00","breadcrumb":{"@id":"https:\/\/sites.pucpr.br\/reveleseutalento\/conheca-o-maestro-por-tras-da-direcao-artistica-do-xix-revele-seu-talento\/#breadcrumb"},"inLanguage":"pt-BR","potentialAction":[{"@type":"ReadAction","target":["https:\/\/sites.pucpr.br\/reveleseutalento\/conheca-o-maestro-por-tras-da-direcao-artistica-do-xix-revele-seu-talento\/"]}]},{"@type":"BreadcrumbList","@id":"https:\/\/sites.pucpr.br\/reveleseutalento\/conheca-o-maestro-por-tras-da-direcao-artistica-do-xix-revele-seu-talento\/#breadcrumb","itemListElement":[{"@type":"ListItem","position":1,"name":"In\u00edcio","item":"https:\/\/sites.pucpr.br\/reveleseutalento\/"},{"@type":"ListItem","position":2,"name":"Conhe\u00e7a o maestro por tr\u00e1s da dire\u00e7\u00e3o art\u00edstica do XIX Revele Seu Talento"}]}]}},"_links":{"self":[{"href":"https:\/\/sites.pucpr.br\/reveleseutalento\/wp-json\/wp\/v2\/pages\/170"}],"collection":[{"href":"https:\/\/sites.pucpr.br\/reveleseutalento\/wp-json\/wp\/v2\/pages"}],"about":[{"href":"https:\/\/sites.pucpr.br\/reveleseutalento\/wp-json\/wp\/v2\/types\/page"}],"author":[{"embeddable":true,"href":"https:\/\/sites.pucpr.br\/reveleseutalento\/wp-json\/wp\/v2\/users\/2"}],"replies":[{"embeddable":true,"href":"https:\/\/sites.pucpr.br\/reveleseutalento\/wp-json\/wp\/v2\/comments?post=170"}],"version-history":[{"count":11,"href":"https:\/\/sites.pucpr.br\/reveleseutalento\/wp-json\/wp\/v2\/pages\/170\/revisions"}],"predecessor-version":[{"id":395,"href":"https:\/\/sites.pucpr.br\/reveleseutalento\/wp-json\/wp\/v2\/pages\/170\/revisions\/395"}],"wp:featuredmedia":[{"embeddable":true,"href":"https:\/\/sites.pucpr.br\/reveleseutalento\/wp-json\/wp\/v2\/media\/171"}],"wp:attachment":[{"href":"https:\/\/sites.pucpr.br\/reveleseutalento\/wp-json\/wp\/v2\/media?parent=170"}],"curies":[{"name":"wp","href":"https:\/\/api.w.org\/{rel}","templated":true}]}}