{"id":119,"date":"2021-04-26T16:01:26","date_gmt":"2021-04-26T19:01:26","guid":{"rendered":"https:\/\/sites.pucpr.br\/reveleseutalento\/?page_id=119"},"modified":"2022-05-26T15:40:17","modified_gmt":"2022-05-26T18:40:17","slug":"revele-seu-talento-fecha-parceria-com-a-produtora-trilhas-urbanas","status":"publish","type":"page","link":"https:\/\/sites.pucpr.br\/reveleseutalento\/revele-seu-talento-fecha-parceria-com-a-produtora-trilhas-urbanas\/","title":{"rendered":"Revele Seu Talento fecha parceria com a Produtora Trilhas Urbanas"},"content":{"rendered":"\n<p><strong>Edi\u00e7\u00e3o 202<\/strong>1<\/p>\n\n\n\n<p><p class=\"x_xmsolistparagraph\" style=\"text-align: center;\"><strong>Empresa vai gravar 10 v\u00eddeos com os finalistas do festival e um v\u00eddeo com o artista convidado\u00a0<\/strong><\/p> <p class=\"x_xmsolistparagraph\"><span class=\"x_xcolor13\">Os candidatos do IX Revele Seu Talento j\u00e1 podem comemorar. O festival fechou parceria com a produtora que comandar\u00e1 as grava\u00e7\u00f5es dos finalistas do evento, a Trilhas Urbanas. Desde\u00a01990, a empresa realiza produ\u00e7\u00f5es de \u00e1udio e audiovisuais com expertise em m\u00fasica erudita, m\u00fasica instrumental, m\u00fasica brasileira e m\u00fasica &amp; tradi\u00e7\u00e3o oral. \u00a0\u00a0<\/span><\/p> <p class=\"x_xmsolistparagraph\"><span class=\"x_xcolor13\">Comandada pelo m\u00fasico, diretor art\u00edstico e produtor Dirceu Saggin, a produtora possui infraestrutura completa\u00a0com possibilidade de grava\u00e7\u00f5es simult\u00e2neas em cinco est\u00fadios equipados com c\u00e2meras, equipamentos modernos e ac\u00fastica privilegiada. Preparem-se finalistas, pois voc\u00eas v\u00e3o viver fortes emo\u00e7\u00f5es musicais!\u00a0\u00a0<\/span><\/p> <p>\u00a0<\/p> <p class=\"x_xmsolistparagraph\"><span class=\"x_xcolor13\">Conhe\u00e7a mais sobre o est\u00fadio Trilhas Urbanas: <a title=\"https:\/\/www.trilhasurbanas.com.br\/\" href=\"https:\/\/www.trilhasurbanas.com.br\/\">https:\/\/www.trilhasurbanas.com.br\/<\/a>\u00a0<\/span><\/p><\/p>\n","protected":false},"excerpt":{"rendered":"<p>Edi\u00e7\u00e3o 2021 Empresa vai gravar 10 v\u00eddeos com os finalistas do festival e um v\u00eddeo com o artista convidado\u00a0 Os candidatos do IX Revele Seu Talento j\u00e1 podem comemorar. O festival fechou parceria com a produtora que comandar\u00e1 as grava\u00e7\u00f5es dos finalistas do evento, a Trilhas Urbanas. Desde\u00a01990, a empresa realiza produ\u00e7\u00f5es de \u00e1udio e [&hellip;]<\/p>\n","protected":false},"author":2,"featured_media":134,"parent":0,"menu_order":0,"comment_status":"closed","ping_status":"closed","template":"","meta":[],"yoast_head":"<!-- This site is optimized with the Yoast SEO plugin v18.4.1 - https:\/\/yoast.com\/wordpress\/plugins\/seo\/ -->\n<title>Revele Seu Talento fecha parceria com a Produtora Trilhas Urbanas - Revele seu Talento 2022 | PUCPR<\/title>\n<meta name=\"robots\" content=\"index, follow, max-snippet:-1, max-image-preview:large, max-video-preview:-1\" \/>\n<link rel=\"canonical\" href=\"https:\/\/sites.pucpr.br\/reveleseutalento\/revele-seu-talento-fecha-parceria-com-a-produtora-trilhas-urbanas\/\" \/>\n<meta property=\"og:locale\" content=\"pt_BR\" \/>\n<meta property=\"og:type\" content=\"article\" \/>\n<meta property=\"og:title\" content=\"Revele Seu Talento fecha parceria com a Produtora Trilhas Urbanas - Revele seu Talento 2022 | PUCPR\" \/>\n<meta property=\"og:description\" content=\"Edi\u00e7\u00e3o 2021 Empresa vai gravar 10 v\u00eddeos com os finalistas do festival e um v\u00eddeo com o artista convidado\u00a0 Os candidatos do IX Revele Seu Talento j\u00e1 podem comemorar. O festival fechou parceria com a produtora que comandar\u00e1 as grava\u00e7\u00f5es dos finalistas do evento, a Trilhas Urbanas. Desde\u00a01990, a empresa realiza produ\u00e7\u00f5es de \u00e1udio e [&hellip;]\" \/>\n<meta property=\"og:url\" content=\"https:\/\/sites.pucpr.br\/reveleseutalento\/revele-seu-talento-fecha-parceria-com-a-produtora-trilhas-urbanas\/\" \/>\n<meta property=\"og:site_name\" content=\"Revele seu Talento 2022 | PUCPR\" \/>\n<meta property=\"article:modified_time\" content=\"2022-05-26T18:40:17+00:00\" \/>\n<meta property=\"og:image\" content=\"https:\/\/sites.pucpr.br\/reveleseutalento\/wp-content\/uploads\/sites\/37\/2021\/04\/estudioA1.jpg\" \/>\n\t<meta property=\"og:image:width\" content=\"800\" \/>\n\t<meta property=\"og:image:height\" content=\"600\" \/>\n\t<meta property=\"og:image:type\" content=\"image\/jpeg\" \/>\n<meta name=\"twitter:card\" content=\"summary_large_image\" \/>\n<meta name=\"twitter:label1\" content=\"Est. tempo de leitura\" \/>\n\t<meta name=\"twitter:data1\" content=\"1 minuto\" \/>\n<script type=\"application\/ld+json\" class=\"yoast-schema-graph\">{\"@context\":\"https:\/\/schema.org\",\"@graph\":[{\"@type\":\"WebSite\",\"@id\":\"https:\/\/sites.pucpr.br\/reveleseutalento\/#website\",\"url\":\"https:\/\/sites.pucpr.br\/reveleseutalento\/\",\"name\":\"Revele seu Talento 2022 | PUCPR\",\"description\":\"\",\"potentialAction\":[{\"@type\":\"SearchAction\",\"target\":{\"@type\":\"EntryPoint\",\"urlTemplate\":\"https:\/\/sites.pucpr.br\/reveleseutalento\/?s={search_term_string}\"},\"query-input\":\"required name=search_term_string\"}],\"inLanguage\":\"pt-BR\"},{\"@type\":\"ImageObject\",\"@id\":\"https:\/\/sites.pucpr.br\/reveleseutalento\/revele-seu-talento-fecha-parceria-com-a-produtora-trilhas-urbanas\/#primaryimage\",\"inLanguage\":\"pt-BR\",\"url\":\"https:\/\/sites.pucpr.br\/reveleseutalento\/wp-content\/uploads\/sites\/37\/2021\/04\/estudioA1.jpg\",\"contentUrl\":\"https:\/\/sites.pucpr.br\/reveleseutalento\/wp-content\/uploads\/sites\/37\/2021\/04\/estudioA1.jpg\",\"width\":800,\"height\":600},{\"@type\":\"WebPage\",\"@id\":\"https:\/\/sites.pucpr.br\/reveleseutalento\/revele-seu-talento-fecha-parceria-com-a-produtora-trilhas-urbanas\/#webpage\",\"url\":\"https:\/\/sites.pucpr.br\/reveleseutalento\/revele-seu-talento-fecha-parceria-com-a-produtora-trilhas-urbanas\/\",\"name\":\"Revele Seu Talento fecha parceria com a Produtora Trilhas Urbanas - Revele seu Talento 2022 | PUCPR\",\"isPartOf\":{\"@id\":\"https:\/\/sites.pucpr.br\/reveleseutalento\/#website\"},\"primaryImageOfPage\":{\"@id\":\"https:\/\/sites.pucpr.br\/reveleseutalento\/revele-seu-talento-fecha-parceria-com-a-produtora-trilhas-urbanas\/#primaryimage\"},\"datePublished\":\"2021-04-26T19:01:26+00:00\",\"dateModified\":\"2022-05-26T18:40:17+00:00\",\"breadcrumb\":{\"@id\":\"https:\/\/sites.pucpr.br\/reveleseutalento\/revele-seu-talento-fecha-parceria-com-a-produtora-trilhas-urbanas\/#breadcrumb\"},\"inLanguage\":\"pt-BR\",\"potentialAction\":[{\"@type\":\"ReadAction\",\"target\":[\"https:\/\/sites.pucpr.br\/reveleseutalento\/revele-seu-talento-fecha-parceria-com-a-produtora-trilhas-urbanas\/\"]}]},{\"@type\":\"BreadcrumbList\",\"@id\":\"https:\/\/sites.pucpr.br\/reveleseutalento\/revele-seu-talento-fecha-parceria-com-a-produtora-trilhas-urbanas\/#breadcrumb\",\"itemListElement\":[{\"@type\":\"ListItem\",\"position\":1,\"name\":\"In\u00edcio\",\"item\":\"https:\/\/sites.pucpr.br\/reveleseutalento\/\"},{\"@type\":\"ListItem\",\"position\":2,\"name\":\"Revele Seu Talento fecha parceria com a Produtora Trilhas Urbanas\"}]}]}<\/script>\n<!-- \/ Yoast SEO plugin. -->","yoast_head_json":{"title":"Revele Seu Talento fecha parceria com a Produtora Trilhas Urbanas - Revele seu Talento 2022 | PUCPR","robots":{"index":"index","follow":"follow","max-snippet":"max-snippet:-1","max-image-preview":"max-image-preview:large","max-video-preview":"max-video-preview:-1"},"canonical":"https:\/\/sites.pucpr.br\/reveleseutalento\/revele-seu-talento-fecha-parceria-com-a-produtora-trilhas-urbanas\/","og_locale":"pt_BR","og_type":"article","og_title":"Revele Seu Talento fecha parceria com a Produtora Trilhas Urbanas - Revele seu Talento 2022 | PUCPR","og_description":"Edi\u00e7\u00e3o 2021 Empresa vai gravar 10 v\u00eddeos com os finalistas do festival e um v\u00eddeo com o artista convidado\u00a0 Os candidatos do IX Revele Seu Talento j\u00e1 podem comemorar. O festival fechou parceria com a produtora que comandar\u00e1 as grava\u00e7\u00f5es dos finalistas do evento, a Trilhas Urbanas. Desde\u00a01990, a empresa realiza produ\u00e7\u00f5es de \u00e1udio e [&hellip;]","og_url":"https:\/\/sites.pucpr.br\/reveleseutalento\/revele-seu-talento-fecha-parceria-com-a-produtora-trilhas-urbanas\/","og_site_name":"Revele seu Talento 2022 | PUCPR","article_modified_time":"2022-05-26T18:40:17+00:00","og_image":[{"width":800,"height":600,"url":"https:\/\/sites.pucpr.br\/reveleseutalento\/wp-content\/uploads\/sites\/37\/2021\/04\/estudioA1.jpg","type":"image\/jpeg"}],"twitter_card":"summary_large_image","twitter_misc":{"Est. tempo de leitura":"1 minuto"},"schema":{"@context":"https:\/\/schema.org","@graph":[{"@type":"WebSite","@id":"https:\/\/sites.pucpr.br\/reveleseutalento\/#website","url":"https:\/\/sites.pucpr.br\/reveleseutalento\/","name":"Revele seu Talento 2022 | PUCPR","description":"","potentialAction":[{"@type":"SearchAction","target":{"@type":"EntryPoint","urlTemplate":"https:\/\/sites.pucpr.br\/reveleseutalento\/?s={search_term_string}"},"query-input":"required name=search_term_string"}],"inLanguage":"pt-BR"},{"@type":"ImageObject","@id":"https:\/\/sites.pucpr.br\/reveleseutalento\/revele-seu-talento-fecha-parceria-com-a-produtora-trilhas-urbanas\/#primaryimage","inLanguage":"pt-BR","url":"https:\/\/sites.pucpr.br\/reveleseutalento\/wp-content\/uploads\/sites\/37\/2021\/04\/estudioA1.jpg","contentUrl":"https:\/\/sites.pucpr.br\/reveleseutalento\/wp-content\/uploads\/sites\/37\/2021\/04\/estudioA1.jpg","width":800,"height":600},{"@type":"WebPage","@id":"https:\/\/sites.pucpr.br\/reveleseutalento\/revele-seu-talento-fecha-parceria-com-a-produtora-trilhas-urbanas\/#webpage","url":"https:\/\/sites.pucpr.br\/reveleseutalento\/revele-seu-talento-fecha-parceria-com-a-produtora-trilhas-urbanas\/","name":"Revele Seu Talento fecha parceria com a Produtora Trilhas Urbanas - Revele seu Talento 2022 | PUCPR","isPartOf":{"@id":"https:\/\/sites.pucpr.br\/reveleseutalento\/#website"},"primaryImageOfPage":{"@id":"https:\/\/sites.pucpr.br\/reveleseutalento\/revele-seu-talento-fecha-parceria-com-a-produtora-trilhas-urbanas\/#primaryimage"},"datePublished":"2021-04-26T19:01:26+00:00","dateModified":"2022-05-26T18:40:17+00:00","breadcrumb":{"@id":"https:\/\/sites.pucpr.br\/reveleseutalento\/revele-seu-talento-fecha-parceria-com-a-produtora-trilhas-urbanas\/#breadcrumb"},"inLanguage":"pt-BR","potentialAction":[{"@type":"ReadAction","target":["https:\/\/sites.pucpr.br\/reveleseutalento\/revele-seu-talento-fecha-parceria-com-a-produtora-trilhas-urbanas\/"]}]},{"@type":"BreadcrumbList","@id":"https:\/\/sites.pucpr.br\/reveleseutalento\/revele-seu-talento-fecha-parceria-com-a-produtora-trilhas-urbanas\/#breadcrumb","itemListElement":[{"@type":"ListItem","position":1,"name":"In\u00edcio","item":"https:\/\/sites.pucpr.br\/reveleseutalento\/"},{"@type":"ListItem","position":2,"name":"Revele Seu Talento fecha parceria com a Produtora Trilhas Urbanas"}]}]}},"_links":{"self":[{"href":"https:\/\/sites.pucpr.br\/reveleseutalento\/wp-json\/wp\/v2\/pages\/119"}],"collection":[{"href":"https:\/\/sites.pucpr.br\/reveleseutalento\/wp-json\/wp\/v2\/pages"}],"about":[{"href":"https:\/\/sites.pucpr.br\/reveleseutalento\/wp-json\/wp\/v2\/types\/page"}],"author":[{"embeddable":true,"href":"https:\/\/sites.pucpr.br\/reveleseutalento\/wp-json\/wp\/v2\/users\/2"}],"replies":[{"embeddable":true,"href":"https:\/\/sites.pucpr.br\/reveleseutalento\/wp-json\/wp\/v2\/comments?post=119"}],"version-history":[{"count":5,"href":"https:\/\/sites.pucpr.br\/reveleseutalento\/wp-json\/wp\/v2\/pages\/119\/revisions"}],"predecessor-version":[{"id":682,"href":"https:\/\/sites.pucpr.br\/reveleseutalento\/wp-json\/wp\/v2\/pages\/119\/revisions\/682"}],"wp:featuredmedia":[{"embeddable":true,"href":"https:\/\/sites.pucpr.br\/reveleseutalento\/wp-json\/wp\/v2\/media\/134"}],"wp:attachment":[{"href":"https:\/\/sites.pucpr.br\/reveleseutalento\/wp-json\/wp\/v2\/media?parent=119"}],"curies":[{"name":"wp","href":"https:\/\/api.w.org\/{rel}","templated":true}]}}