{"id":689,"date":"2022-05-03T18:19:03","date_gmt":"2022-05-03T21:19:03","guid":{"rendered":"https:\/\/sites.pucpr.br\/podcasts\/?post_type=episodios&#038;p=689"},"modified":"2022-05-03T18:21:12","modified_gmt":"2022-05-03T21:21:12","slug":"explica-essa-12-por-que-nao-e-possivel-zerar-genes-de-doencas-com-dietas","status":"publish","type":"episodios","link":"https:\/\/sites.pucpr.br\/podcasts\/episodios\/explica-essa-12-por-que-nao-e-possivel-zerar-genes-de-doencas-com-dietas\/","title":{"rendered":"Explica Essa #12 &#8211; Por que n\u00e3o \u00e9 poss\u00edvel &#8220;zerar&#8221; genes de doen\u00e7as com dietas?"},"content":{"rendered":"","protected":false},"excerpt":{"rendered":"<p>Para que a epigen\u00e9tica\u00a0realmente serve? Qual a real influ\u00eancia da nossa alimenta\u00e7\u00e3o no aparecimento de doen\u00e7as? De que forma a dieta dos pais influencia no desenvolvimento dos beb\u00eas?<\/p>\n","protected":false},"featured_media":691,"template":"","categories":[10],"yoast_head":"<!-- This site is optimized with the Yoast SEO plugin v18.4.1 - https:\/\/yoast.com\/wordpress\/plugins\/seo\/ -->\n<title>Explica Essa #12 - Por que n\u00e3o \u00e9 poss\u00edvel &quot;zerar&quot; genes de doen\u00e7as com dietas? - Podcasts PUCPR<\/title>\n<meta name=\"robots\" content=\"index, follow, max-snippet:-1, max-image-preview:large, max-video-preview:-1\" \/>\n<link rel=\"canonical\" href=\"https:\/\/sites.pucpr.br\/podcasts\/episodios\/explica-essa-12-por-que-nao-e-possivel-zerar-genes-de-doencas-com-dietas\/\" \/>\n<meta property=\"og:locale\" content=\"pt_BR\" \/>\n<meta property=\"og:type\" content=\"article\" \/>\n<meta property=\"og:title\" content=\"Explica Essa #12 - Por que n\u00e3o \u00e9 poss\u00edvel &quot;zerar&quot; genes de doen\u00e7as com dietas? - Podcasts PUCPR\" \/>\n<meta property=\"og:description\" content=\"Para que a epigen\u00e9tica\u00a0realmente serve? Qual a real influ\u00eancia da nossa alimenta\u00e7\u00e3o no aparecimento de doen\u00e7as? De que forma a dieta dos pais influencia no desenvolvimento dos beb\u00eas?\" \/>\n<meta property=\"og:url\" content=\"https:\/\/sites.pucpr.br\/podcasts\/episodios\/explica-essa-12-por-que-nao-e-possivel-zerar-genes-de-doencas-com-dietas\/\" \/>\n<meta property=\"og:site_name\" content=\"Podcasts PUCPR\" \/>\n<meta property=\"article:modified_time\" content=\"2022-05-03T21:21:12+00:00\" \/>\n<meta property=\"og:image\" content=\"http:\/\/sites.pucpr.br\/podcasts\/wp-content\/uploads\/sites\/24\/2022\/05\/Capa-com-fotos-Explica-Essa-1.png\" \/>\n\t<meta property=\"og:image:width\" content=\"1200\" \/>\n\t<meta property=\"og:image:height\" content=\"1200\" \/>\n\t<meta property=\"og:image:type\" content=\"image\/png\" \/>\n<meta name=\"twitter:card\" content=\"summary_large_image\" \/>\n<script type=\"application\/ld+json\" class=\"yoast-schema-graph\">{\"@context\":\"https:\/\/schema.org\",\"@graph\":[{\"@type\":\"WebSite\",\"@id\":\"https:\/\/sites.pucpr.br\/podcasts\/#website\",\"url\":\"https:\/\/sites.pucpr.br\/podcasts\/\",\"name\":\"Podcasts PUCPR\",\"description\":\"Membros de toda a comunidade  acad\u00eamica e convidados participam  de bate-papos especiais sobre a vida universit\u00e1ria, tend\u00eancias, ci\u00eancias e diversos assuntos que v\u00e3o trazer mais informa\u00e7\u00e3o  e entretenimento para o seu dia.\",\"potentialAction\":[{\"@type\":\"SearchAction\",\"target\":{\"@type\":\"EntryPoint\",\"urlTemplate\":\"https:\/\/sites.pucpr.br\/podcasts\/?s={search_term_string}\"},\"query-input\":\"required name=search_term_string\"}],\"inLanguage\":\"pt-BR\"},{\"@type\":\"ImageObject\",\"@id\":\"https:\/\/sites.pucpr.br\/podcasts\/episodios\/explica-essa-12-por-que-nao-e-possivel-zerar-genes-de-doencas-com-dietas\/#primaryimage\",\"inLanguage\":\"pt-BR\",\"url\":\"https:\/\/sites.pucpr.br\/podcasts\/wp-content\/uploads\/sites\/24\/2022\/05\/Capa-com-fotos-Explica-Essa-1.png\",\"contentUrl\":\"https:\/\/sites.pucpr.br\/podcasts\/wp-content\/uploads\/sites\/24\/2022\/05\/Capa-com-fotos-Explica-Essa-1.png\",\"width\":1200,\"height\":1200},{\"@type\":\"WebPage\",\"@id\":\"https:\/\/sites.pucpr.br\/podcasts\/episodios\/explica-essa-12-por-que-nao-e-possivel-zerar-genes-de-doencas-com-dietas\/#webpage\",\"url\":\"https:\/\/sites.pucpr.br\/podcasts\/episodios\/explica-essa-12-por-que-nao-e-possivel-zerar-genes-de-doencas-com-dietas\/\",\"name\":\"Explica Essa #12 - Por que n\u00e3o \u00e9 poss\u00edvel \\\"zerar\\\" genes de doen\u00e7as com dietas? - Podcasts PUCPR\",\"isPartOf\":{\"@id\":\"https:\/\/sites.pucpr.br\/podcasts\/#website\"},\"primaryImageOfPage\":{\"@id\":\"https:\/\/sites.pucpr.br\/podcasts\/episodios\/explica-essa-12-por-que-nao-e-possivel-zerar-genes-de-doencas-com-dietas\/#primaryimage\"},\"datePublished\":\"2022-05-03T21:19:03+00:00\",\"dateModified\":\"2022-05-03T21:21:12+00:00\",\"breadcrumb\":{\"@id\":\"https:\/\/sites.pucpr.br\/podcasts\/episodios\/explica-essa-12-por-que-nao-e-possivel-zerar-genes-de-doencas-com-dietas\/#breadcrumb\"},\"inLanguage\":\"pt-BR\",\"potentialAction\":[{\"@type\":\"ReadAction\",\"target\":[\"https:\/\/sites.pucpr.br\/podcasts\/episodios\/explica-essa-12-por-que-nao-e-possivel-zerar-genes-de-doencas-com-dietas\/\"]}]},{\"@type\":\"BreadcrumbList\",\"@id\":\"https:\/\/sites.pucpr.br\/podcasts\/episodios\/explica-essa-12-por-que-nao-e-possivel-zerar-genes-de-doencas-com-dietas\/#breadcrumb\",\"itemListElement\":[{\"@type\":\"ListItem\",\"position\":1,\"name\":\"In\u00edcio\",\"item\":\"https:\/\/sites.pucpr.br\/podcasts\/\"},{\"@type\":\"ListItem\",\"position\":2,\"name\":\"Explica Essa #12 &#8211; Por que n\u00e3o \u00e9 poss\u00edvel &#8220;zerar&#8221; genes de doen\u00e7as com dietas?\"}]}]}<\/script>\n<!-- \/ Yoast SEO plugin. -->","yoast_head_json":{"title":"Explica Essa #12 - Por que n\u00e3o \u00e9 poss\u00edvel \"zerar\" genes de doen\u00e7as com dietas? - Podcasts PUCPR","robots":{"index":"index","follow":"follow","max-snippet":"max-snippet:-1","max-image-preview":"max-image-preview:large","max-video-preview":"max-video-preview:-1"},"canonical":"https:\/\/sites.pucpr.br\/podcasts\/episodios\/explica-essa-12-por-que-nao-e-possivel-zerar-genes-de-doencas-com-dietas\/","og_locale":"pt_BR","og_type":"article","og_title":"Explica Essa #12 - Por que n\u00e3o \u00e9 poss\u00edvel \"zerar\" genes de doen\u00e7as com dietas? - Podcasts PUCPR","og_description":"Para que a epigen\u00e9tica\u00a0realmente serve? Qual a real influ\u00eancia da nossa alimenta\u00e7\u00e3o no aparecimento de doen\u00e7as? De que forma a dieta dos pais influencia no desenvolvimento dos beb\u00eas?","og_url":"https:\/\/sites.pucpr.br\/podcasts\/episodios\/explica-essa-12-por-que-nao-e-possivel-zerar-genes-de-doencas-com-dietas\/","og_site_name":"Podcasts PUCPR","article_modified_time":"2022-05-03T21:21:12+00:00","og_image":[{"width":1200,"height":1200,"url":"http:\/\/sites.pucpr.br\/podcasts\/wp-content\/uploads\/sites\/24\/2022\/05\/Capa-com-fotos-Explica-Essa-1.png","type":"image\/png"}],"twitter_card":"summary_large_image","schema":{"@context":"https:\/\/schema.org","@graph":[{"@type":"WebSite","@id":"https:\/\/sites.pucpr.br\/podcasts\/#website","url":"https:\/\/sites.pucpr.br\/podcasts\/","name":"Podcasts PUCPR","description":"Membros de toda a comunidade  acad\u00eamica e convidados participam  de bate-papos especiais sobre a vida universit\u00e1ria, tend\u00eancias, ci\u00eancias e diversos assuntos que v\u00e3o trazer mais informa\u00e7\u00e3o  e entretenimento para o seu dia.","potentialAction":[{"@type":"SearchAction","target":{"@type":"EntryPoint","urlTemplate":"https:\/\/sites.pucpr.br\/podcasts\/?s={search_term_string}"},"query-input":"required name=search_term_string"}],"inLanguage":"pt-BR"},{"@type":"ImageObject","@id":"https:\/\/sites.pucpr.br\/podcasts\/episodios\/explica-essa-12-por-que-nao-e-possivel-zerar-genes-de-doencas-com-dietas\/#primaryimage","inLanguage":"pt-BR","url":"https:\/\/sites.pucpr.br\/podcasts\/wp-content\/uploads\/sites\/24\/2022\/05\/Capa-com-fotos-Explica-Essa-1.png","contentUrl":"https:\/\/sites.pucpr.br\/podcasts\/wp-content\/uploads\/sites\/24\/2022\/05\/Capa-com-fotos-Explica-Essa-1.png","width":1200,"height":1200},{"@type":"WebPage","@id":"https:\/\/sites.pucpr.br\/podcasts\/episodios\/explica-essa-12-por-que-nao-e-possivel-zerar-genes-de-doencas-com-dietas\/#webpage","url":"https:\/\/sites.pucpr.br\/podcasts\/episodios\/explica-essa-12-por-que-nao-e-possivel-zerar-genes-de-doencas-com-dietas\/","name":"Explica Essa #12 - Por que n\u00e3o \u00e9 poss\u00edvel \"zerar\" genes de doen\u00e7as com dietas? - Podcasts PUCPR","isPartOf":{"@id":"https:\/\/sites.pucpr.br\/podcasts\/#website"},"primaryImageOfPage":{"@id":"https:\/\/sites.pucpr.br\/podcasts\/episodios\/explica-essa-12-por-que-nao-e-possivel-zerar-genes-de-doencas-com-dietas\/#primaryimage"},"datePublished":"2022-05-03T21:19:03+00:00","dateModified":"2022-05-03T21:21:12+00:00","breadcrumb":{"@id":"https:\/\/sites.pucpr.br\/podcasts\/episodios\/explica-essa-12-por-que-nao-e-possivel-zerar-genes-de-doencas-com-dietas\/#breadcrumb"},"inLanguage":"pt-BR","potentialAction":[{"@type":"ReadAction","target":["https:\/\/sites.pucpr.br\/podcasts\/episodios\/explica-essa-12-por-que-nao-e-possivel-zerar-genes-de-doencas-com-dietas\/"]}]},{"@type":"BreadcrumbList","@id":"https:\/\/sites.pucpr.br\/podcasts\/episodios\/explica-essa-12-por-que-nao-e-possivel-zerar-genes-de-doencas-com-dietas\/#breadcrumb","itemListElement":[{"@type":"ListItem","position":1,"name":"In\u00edcio","item":"https:\/\/sites.pucpr.br\/podcasts\/"},{"@type":"ListItem","position":2,"name":"Explica Essa #12 &#8211; Por que n\u00e3o \u00e9 poss\u00edvel &#8220;zerar&#8221; genes de doen\u00e7as com dietas?"}]}]}},"acf":[],"_links":{"self":[{"href":"https:\/\/sites.pucpr.br\/podcasts\/wp-json\/wp\/v2\/episodios\/689"}],"collection":[{"href":"https:\/\/sites.pucpr.br\/podcasts\/wp-json\/wp\/v2\/episodios"}],"about":[{"href":"https:\/\/sites.pucpr.br\/podcasts\/wp-json\/wp\/v2\/types\/episodios"}],"wp:featuredmedia":[{"embeddable":true,"href":"https:\/\/sites.pucpr.br\/podcasts\/wp-json\/wp\/v2\/media\/691"}],"wp:attachment":[{"href":"https:\/\/sites.pucpr.br\/podcasts\/wp-json\/wp\/v2\/media?parent=689"}],"wp:term":[{"taxonomy":"category","embeddable":true,"href":"https:\/\/sites.pucpr.br\/podcasts\/wp-json\/wp\/v2\/categories?post=689"}],"curies":[{"name":"wp","href":"https:\/\/api.w.org\/{rel}","templated":true}]}}

Explica Essa #12 &#8211; Por que não é possível &#8220;zerar&#8221; genes de doenças com dietas?

<p>Para que a epigenética realmente serve? Qual a real influência da nossa alimentação no aparecimento de doenças? De que forma a dieta dos pais influencia no desenvolvimento dos bebês?</p>

<!-- This site is optimized with the Yoast SEO plugin v18.4.1 - https://yoast.com/wordpress/plugins/seo/ -->
<title>Explica Essa #12 - Por que não é possível &quot;zerar&quot; genes de doenças com dietas? - Podcasts PUCPR</title>
<meta name="robots" content="index, follow, max-snippet:-1, max-image-preview:large, max-video-preview:-1" />
<link rel="canonical" href="https://sites.pucpr.br/podcasts/episodios/explica-essa-12-por-que-nao-e-possivel-zerar-genes-de-doencas-com-dietas/" />
<meta property="og:locale" content="pt_BR" />
<meta property="og:type" content="article" />
<meta property="og:title" content="Explica Essa #12 - Por que não é possível &quot;zerar&quot; genes de doenças com dietas? - Podcasts PUCPR" />
<meta property="og:description" content="Para que a epigenética realmente serve? Qual a real influência da nossa alimentação no aparecimento de doenças? De que forma a dieta dos pais influencia no desenvolvimento dos bebês?" />
<meta property="og:url" content="https://sites.pucpr.br/podcasts/episodios/explica-essa-12-por-que-nao-e-possivel-zerar-genes-de-doencas-com-dietas/" />
<meta property="og:site_name" content="Podcasts PUCPR" />
<meta property="article:modified_time" content="2022-05-03T21:21:12+00:00" />
<meta property="og:image" content="http://sites.pucpr.br/podcasts/wp-content/uploads/sites/24/2022/05/Capa-com-fotos-Explica-Essa-1.png" />
	<meta property="og:image:width" content="1200" />
	<meta property="og:image:height" content="1200" />
	<meta property="og:image:type" content="image/png" />
<meta name="twitter:card" content="summary_large_image" />
<script type="application/ld+json" class="yoast-schema-graph">{"@context":"https://schema.org","@graph":[{"@type":"WebSite","@id":"https://sites.pucpr.br/podcasts/#website","url":"https://sites.pucpr.br/podcasts/","name":"Podcasts PUCPR","description":"Membros de toda a comunidade  acadêmica e convidados participam  de bate-papos especiais sobre a vida universitária, tendências, ciências e diversos assuntos que vão trazer mais informação  e entretenimento para o seu dia.","potentialAction":[{"@type":"SearchAction","target":{"@type":"EntryPoint","urlTemplate":"https://sites.pucpr.br/podcasts/?s={search_term_string}"},"query-input":"required name=search_term_string"}],"inLanguage":"pt-BR"},{"@type":"ImageObject","@id":"https://sites.pucpr.br/podcasts/episodios/explica-essa-12-por-que-nao-e-possivel-zerar-genes-de-doencas-com-dietas/#primaryimage","inLanguage":"pt-BR","url":"https://sites.pucpr.br/podcasts/wp-content/uploads/sites/24/2022/05/Capa-com-fotos-Explica-Essa-1.png","contentUrl":"https://sites.pucpr.br/podcasts/wp-content/uploads/sites/24/2022/05/Capa-com-fotos-Explica-Essa-1.png","width":1200,"height":1200},{"@type":"WebPage","@id":"https://sites.pucpr.br/podcasts/episodios/explica-essa-12-por-que-nao-e-possivel-zerar-genes-de-doencas-com-dietas/#webpage","url":"https://sites.pucpr.br/podcasts/episodios/explica-essa-12-por-que-nao-e-possivel-zerar-genes-de-doencas-com-dietas/","name":"Explica Essa #12 - Por que não é possível \"zerar\" genes de doenças com dietas? - Podcasts PUCPR","isPartOf":{"@id":"https://sites.pucpr.br/podcasts/#website"},"primaryImageOfPage":{"@id":"https://sites.pucpr.br/podcasts/episodios/explica-essa-12-por-que-nao-e-possivel-zerar-genes-de-doencas-com-dietas/#primaryimage"},"datePublished":"2022-05-03T21:19:03+00:00","dateModified":"2022-05-03T21:21:12+00:00","breadcrumb":{"@id":"https://sites.pucpr.br/podcasts/episodios/explica-essa-12-por-que-nao-e-possivel-zerar-genes-de-doencas-com-dietas/#breadcrumb"},"inLanguage":"pt-BR","potentialAction":[{"@type":"ReadAction","target":["https://sites.pucpr.br/podcasts/episodios/explica-essa-12-por-que-nao-e-possivel-zerar-genes-de-doencas-com-dietas/"]}]},{"@type":"BreadcrumbList","@id":"https://sites.pucpr.br/podcasts/episodios/explica-essa-12-por-que-nao-e-possivel-zerar-genes-de-doencas-com-dietas/#breadcrumb","itemListElement":[{"@type":"ListItem","position":1,"name":"Início","item":"https://sites.pucpr.br/podcasts/"},{"@type":"ListItem","position":2,"name":"Explica Essa #12 &#8211; Por que não é possível &#8220;zerar&#8221; genes de doenças com dietas?"}]}]}</script>
<!-- / Yoast SEO plugin. -->

Explica Essa #12 - Por que não é possível "zerar" genes de doenças com dietas? - Podcasts PUCPR

Para que a epigenética realmente serve? Qual a real influência da nossa alimentação no aparecimento de doenças? De que forma a dieta dos pais influencia no desenvolvimento dos bebês?

Membros de toda a comunidade  acadêmica e convidados participam  de bate-papos especiais sobre a vida universitária, tendências, ciências e diversos assuntos que vão trazer mais informação  e entretenimento para o seu dia.

Início
